 (-11)/(88/f) - 8. What is the highest common divisor of 3 and q?
3
Let o = 53 + -43. Suppose -5 - o = -5*w. Suppose 0*q - q - h = -9, -w*h + 19 = q. Calculate the greatest common divisor of 12 and q.
4
Let j(y) = 3*y**2 - 32*y + 20. Let m be j(-10). Calculate the greatest common factor of m and 25.
5
Suppose -16*k = 4*z - 18*k - 762, 5*z - 3*k = 951. What is the greatest common divisor of 8896 and z?
64
Suppose -2*h + 28 = 4*w, h + 3*w = 4*w + 8. Suppose -4*x = 2*c - 44, c - h = x - 0. Let v = c + 12. Calculate the highest common factor of 52 and v.
26
Let t(i) = 2*i**2 + 41*i + 164. Let p be t(-20). Calculate the highest common divisor of 312 and p.
24
Let h = -5207 - -5423. Calculate the greatest common factor of h and 135.
27
Let x be ((-4)/7)/(12/882*-3). Suppose n + 7 + x = 2*o, -n - 30 = -3*o. What is the highest common factor of o and 981?
9
Let w be (15/(-75)*-628)/((-18)/(-45)). Calculate the greatest common factor of w and 71906.
314
Let a(t) = -92*t + 4766. Let h be a(19). What is the highest common divisor of 6 and h?
6
Suppose 16823*t = 16841*t - 144. What is the greatest common factor of t and 356?
4
Let g(f) = f**2 + 23*f + 26. Let d be g(-22). Suppose 2*c + z - 55 = 82, -3*z = -d*c + 279. Calculate the highest common divisor of 69 and c.
69
Let u be (-1)/(-8 - (-156)/20). Calculate the highest common divisor of 7130 and u.
5
Suppose 20*t + 1320 = 2280. Calculate the greatest common divisor of t and 4008.
24
Let s = -346 - -486. Calculate the highest common factor of s and 1092.
28
Suppose 5*v + 209 = -3*n + 1304, 3*n = -2*v + 447. Let a = v + -202. Let q = 50 - 36. Calculate the highest common factor of a and q.
14
Suppose 1256 = -2*q - 2*q + 5*x, -q - 313 = -x. Let l = -301 - q. Calculate the highest common divisor of 8 and l.
8
Suppose 2*n + 7*z - 341 = 2*z, -3*n = z - 544. Let i be (n/6 + -2)*(-250)/(-75). What is the greatest common divisor of 475 and i?
95
Let o = -3202 + 3370. What is the greatest common divisor of o and 936?
24
Let k(r) be the third derivative of r**6/120 + r**5/20 - r**4/3 - 5*r**3/3 - 7*r**2 + 6. Let n be k(-4). What is the highest common divisor of n and 24?
6
Let u be 20/30*(38/1 - -1). Suppose -a - 4*z + 85 = 0, -a - 2*z + u = -69. What is the highest common divisor of 42 and a?
21
Let c = -220 - -598. Calculate the highest common factor of 54 and c.
54
Suppose 0 = 5063*a - 5030*a - 17589. What is the greatest common divisor of 164 and a?
41
Let r = -93 + 460. Let t = -360 + r. What is the greatest common divisor of t and 371?
7
Let r be ((-45)/20)/(6/(-16)). Let k be ((-4)/r)/((-6)/(-9)). Let y(q) = -8*q - 2. Let f be y(k). Calculate the greatest common factor of 6 and f.
6
Suppose 5*h - 4*w + 21 = 0, 5*h = w - 42 + 18. Let q be (-1)/(-2)*(35/h - -5). Let c be 36 + q*(3 - 3). Calculate the highest common factor of 27 and c.
9
Suppose -370 = -23*f + 734. What is the greatest common factor of f and 68?
4
Let n = 97 + -65. Let i be n/(-12) + (-6)/(-9). Let y be 30/(-6) - (-178 + i). Calculate the greatest common factor of 25 and y.
25
Let f(n) = 15*n - 14. Suppose 0 = -5*w + 3*q + 103, -2*q - 38 - 64 = -5*w. Let x be f(w). Calculate the greatest common divisor of 22 and x.
22
Let x = -45968 - -74072. What is the highest common divisor of 24 and x?
24
Suppose 3*g - 8*b - 1466 = -10*b, 2*g = -b + 977. Suppose 0 = -5*x + 4*i + g, -2*x + i + 386 = 2*x. Calculate the greatest common factor of x and 18.
6
Let b be 39/9 - (-3 - (-60)/18). Suppose 6*s + b*s - 360 = 0. What is the greatest common factor of 180 and s?
36
Let a be ((-12)/(-14))/3 + (-3753)/(-21). Suppose a = 2*b - 41. Calculate the greatest common divisor of 44 and b.
22
Let m(c) = 2*c - 22 - 3*c - 2*c + 0*c + 3*c**2. Let s be m(-7). Let p = s + -34. What is the greatest common factor of p and 16?
16
Let v(f) = 30*f + 20. Let x be v(2). Let c be 21/4 + 8/(-32). Suppose c*y + w - 47 = 2, 4*y - 5*w = 45. Calculate the greatest common factor of y and x.
10
Let a be (-20)/(-48) - (-34)/(-51) - (-114081)/4. What is the greatest common factor of a and 62?
62
Let b = -4 + 9. Suppose 6*x = -18*x + 3960. Suppose -4*a - b + x = -2*o, 0 = 2*o - 8. Calculate the highest common factor of 6 and a.
6
Let v = 188 + 78. Let z = v + -217. Calculate the greatest common divisor of z and 196.
49
Suppose 6*t = t + u + 26, 2*t + 3*u - 24 = 0. Let v be 3/((-6)/14 + 2/7). Let l be (-2)/(t/v) - -3. Calculate the highest common factor of 160 and l.
10
Let n(u) = -u + u - 7*u + 86 + 2*u + u. Let r be n(12). What is the highest common factor of r and 836?
38
Let g(r) = 21*r + 10. Let k be g(10). Suppose -p = 20*p + 10101. Let s = -461 - p. What is the highest common factor of s and k?
20
Let v be 5*99/15*26/(-3). Let q = v + 314. Calculate the greatest common divisor of q and 4.
4
Suppose 2*b - 5*w = 61, -b - 3*w = -4*b + 87. Let j(p) = p**2 + 171*p + 1680. Let l be j(-10). What is the highest common divisor of b and l?
14
Let h = 16812 + -16742. Calculate the highest common divisor of h and 5915.
35
Let b(m) = -2. Let t(c) = c**2 + c + 10. Let y(h) = -b(h) + t(h). Let l be y(0). Calculate the greatest common factor of l and 36.
12
Let f be 5/2 - 13*(-2)/(-52). Suppose 0 = 5*r + f*d - 221, 4*r - 4*d + 8*d - 172 = 0. Calculate the highest common divisor of r and 495.
45
Suppose -62034 = -400*z + 386*z. Calculate the greatest common factor of 21 and z.
21
Let m(z) = -10*z**3 + 3*z**2 + 2*z - 1. Let c be m(3). Let f = c - -124. Let l = 231 + f. Calculate the greatest common factor of l and 13.
13
Let r = -4777 + 4855. Let i(p) = -p**3 + p + 52. Let j be i(0). What is the highest common divisor of j and r?
26
Let b(x) = -x**2 - 41*x + 2562. Let y be b(30). What is the highest common divisor of y and 729?
27
Let t be ((-42)/(-4))/(6/(5 - -7)). Let p(d) = d**3 - 22*d**2 + 28*d - 87. Let g be p(t). Calculate the highest common factor of g and 15.
15
Let c(b) = -b**3 + 7*b**2 - 4*b - 2. Let m be c(6). Let q = 51 + -14. Let y = 47 - q. What is the highest common factor of y and m?
10
Let m be (0 - -1)/((-17)/(-153)). Let b = -77 + 83. Let p be (-36)/(-5 + 27/b). Calculate the greatest common factor of m and p.
9
Suppose 24*q - 12*q = 2*q + 4800. What is the highest common divisor of 15 and q?
15
Suppose 182*w - 8500 = -68*w. What is the highest common factor of 4624 and w?
34
Let v be (-4378)/44 + (-1)/(-2). Let m = v - -103. Suppose -48 = -m*h + 3*l, 0 = 5*h - l - l - 60. What is the highest common factor of 20 and h?
4
Let k = 1160 + -1138. Calculate the highest common factor of k and 913.
11
Let w = -70521 - -72174. Let o(f) = 14*f + 3. Let y be o(6). What is the highest common divisor of y and w?
87
Let o be (-10)/(10/(-7)) - (-5625 + 0). Calculate the greatest common factor of o and 11.
11
Suppose -2*q = -14, -6*k - 23*q = -22*q - 2545. What is the highest common factor of k and 9?
9
Suppose 9 = 4*q - 5*k, -3 = -3*q - 3*k - 30. Let t be (-140)/q*(-24)/140*-15. What is the greatest common divisor of t and 36?
18
Suppose -72*s - 18 = -57*s - 498. Calculate the greatest common divisor of s and 4144.
16
Let x be -18 - ((-18 - 1376) + 4). What is the greatest common divisor of x and 196?
196
Let y = -69 + 73. Suppose 3*o - 4*o - 3446 = -3*w, 3*w = y*o + 3461. Let r be ((-12)/(-10))/(5 + w/(-230)). Calculate the greatest common factor of r and 69.
23
Suppose 23*r - 2*p + 2176 = 28*r, -4*p = 5*r - 2182. What is the greatest common factor of 63 and r?
7
Suppose -v = -6*v + v. Suppose -76*q + 48*q + 4424 = v. Calculate the highest common divisor of q and 79.
79
Let m be (-7 - -5) + (-6)/(-1). Suppose -d + 2*q + 6 = q, -5*d - m*q = -21. Suppose 4*r - 1376 + 1336 = 0. What is the highest common factor of r and d?
5
Let p = 88 + -34. Let j be ((-98)/42)/(-2*(-1)/(-324)). What is the highest common divisor of j and p?
54
Suppose 0 = 2*r + 4*j - 38, 2*r + 10*j = 13*j + 24. Let d(v) = -v**2 + 16*v + 6. Let y be d(r). Calculate the highest common factor of 14 and y.
7
Suppose 2*h + 9 = 5*h. Suppose 3*q = -4*c + 870, -3*c + 6*c - 654 = -h*q. What is the highest common factor of c and 8?
8
Let l be ((-16)/(-3))/8 - (-400)/(-45)*-6. What is the greatest common factor of l and 82?
2
Let t(b) = -b**2 + 5*b + 1. Let h be t(5). Let z(s) = -s**3 - 5*s**2 + h - 11 + 6 - 4*s. Let i be z(-6). What 